{"id":14,"date":"2022-07-14T08:33:57","date_gmt":"2022-07-14T06:33:57","guid":{"rendered":"http:\/\/icaltocasertano.edu.it\/scuola\/index.php\/didattica\/offerta-formativa\/"},"modified":"2024-05-20T15:59:07","modified_gmt":"2024-05-20T13:59:07","slug":"offerta-formativa","status":"publish","type":"page","link":"https:\/\/icaltocasertano.edu.it\/scuola\/didattica\/offerta-formativa\/","title":{"rendered":"Offerta formativa"},"content":{"rendered":"\n<p><strong>PROGETTAZIONE CURRICULARE<\/strong><\/p>\n\n\n\n<p>La progettualit\u00e0 dell\u2019istituto comprende quattro&nbsp; aree essenziali, che raccolgono la maggior parte&nbsp;delle proposte di arricchimento che rappresentano la tradizione consolidata dell\u2019istituto:&nbsp;<\/p>\n\n\n\n<p><strong>Progetti orientati al benessere<\/strong>: il principale \u00e8 lo&nbsp;<strong>SPORTELLO PSICOLOGICO<\/strong>&nbsp; che, tramite&nbsp;un professionista specializzato, consente un sostegno psicologico-emotivo per&nbsp;alunni, docenti e famiglie.&nbsp;A questa area appartengono inoltre le attivit\u00e0 di educazione all\u2019affettivit\u00e0, le proposte per la&nbsp;lotta al bullismo e cyber-bullismo, le attivit\u00e0 di continuit\u00e0, orientamento e di inclusione, i progetti di&nbsp;educazione alla salute, le&nbsp;conoscenza delle procedure di primo soccorso.<\/p>\n\n\n\n<p><strong>Attivit\u00e0 di educazione alla cittadinanza<\/strong>: anche in sinergia con le Amministrazioni, le forze&nbsp;dell\u2019ordine, il servizio sanitario, le associazioni locali, ogni anno verranno&nbsp; implementate attivit\u00e0&nbsp;e collaborazioni tese alla&nbsp; &nbsp;conoscenza e tutela del&nbsp;territorio, al contrasto all\u2019abuso di sostanze stupefacenti, all&#8217;&nbsp;educazione alla legalit\u00e0.&nbsp;<\/p>\n\n\n\n<p><strong>Progetti sportivi<\/strong>: attraverso la presenza anche di esperti&nbsp; esterni alla scuola,&nbsp;verranno sviluppate attivit\u00e0 che, in stretto legame con la progettazione didattica, offrono un&nbsp;ampio ventaglio di stimoli, come i corsi di avviamento allo sport, la partecipazione a tornei&nbsp;interscolastici, l\u2019organizzazione di competizioni e giornate dedicate allo sport.<\/p>\n\n\n\n<p>Ogni anno i progetti verranno&nbsp;&nbsp;affiancati da nuove proposte, sperimentazioni e&nbsp;opportunit\u00e0 offerte dal territorio, da nuove collaborazioni con enti e associazioni e&nbsp; da finanziamenti&nbsp;specifici.<\/p>\n\n\n\n<p><strong>Progetti artistico-musicali<\/strong>:&nbsp;&nbsp; verranno&nbsp; sviluppate attivit\u00e0 che,&nbsp;in stretto legame con la progettazione didattica, consentono l\u2019approfondimento, l\u2019approccio&nbsp;pratico, creativo e specializzato con le educazioni, allo scopo di promuovere e approfondire le&nbsp;competenze in ambito artistico, musicale e creativo.<\/p>\n\n\n\n<p><strong>Cittadinanza attiva<\/strong><\/p>\n\n\n\n<p><strong>I<\/strong>&nbsp;percorsi didattici degli arricchimenti curricolari che si inseriscono in questo nucleo mirano alla formazione di cittadini informati in grado di partecipare con senso critico alla vita sociale, culturale ed economica all\u2019interno della loro comunit\u00e0 e di promuovere il loro impegno nel rispetto delle differenze culturali, linguistiche, religiose e di genere, ma anche il rispetto dell\u2019ambiente, della salute e di corretti stili di vita soprattutto alla luce dell\u2019esperienza acquisita con l\u2019emergenza sanitaria<\/p>\n\n\n\n<p><strong>Cittadinanza digitale<\/strong><\/p>\n\n\n\n<p>Nel quadro pi\u00f9 ampio delle competenze di cittadinanza si inseriscono gli interventi finalizzati allo sviluppo delle competenze digitali, sempre pi\u00f9 riconosciute come requisito fondamentale per lo sviluppo sostenibile del nostro paese e per l\u2019esercizio di una piena cittadinanza nell\u2019era dell\u2019informazione<strong>PROGETTAZIONE EXTRACURRICULARE<\/strong><\/p>\n\n\n\n<p>La progettazione extracurriculare privileger\u00e0 l&#8217;attivit\u00e0 del recupero\/consolidamento\/potenziamento delle abilit\u00e0 di base nell&#8217; ambito linguistico e logico-matematico, nonch\u00e9 digitali&nbsp; sia nella scuola primaria che secondaria di I\u00b0. Con esse si intende offrire risposte ai bisogni differenziati degli alunni, per garantire loro pari opportunit\u00e0 formative, nel rispetto dei tempi e delle modalit\u00e0 diverse di apprendimento. Obiettivo \u00e8 l\u2019acquisizione di un metodo di studio, con un percorso didattico diversificato, personalizzato o e attuato con apposite strategie. L&#8217; analisi dei risultati delle prove standardizzate nazionali, peraltro, impone un\u2019attenzione particolare per cui con tali attivit\u00e0 si intende offrire opportunit\u00e0 formative finalizzate a migliorare i livelli di acquisizione di conoscenze, abilit\u00e0 e competenze linguistico-espressive e logico- matematiche degli alunni che agevolino il superamento delle difficolt\u00e0 e del gap rilevati tra i risultati degli studenti della scuola e quelli di scuole con background socioeconomico- culturali simili e favoriscano Innalzamento del successo formativo di ogni alunno&nbsp; in linea con gli obiettivi di miglioramento individuati nel RAV e nel Piano di miglioramento di istituto.<\/p>\n\n\n\n<p>L\u2019arricchimento curricolare ed extracurricolare, predisposto dal collegio per il triennio 2022\/25, coniuga il bagaglio di esperienze vissute dalla comunit\u00e0 scolastica con uno sguardo al futuro, per aiutare la&nbsp;<strong>transizione ecologica e culturale<\/strong>, nella consapevolezza che l\u2019affermazione di modelli di sviluppo sostenibili sono possibili solo rafforzando l\u2019azione educativa della scuola<br><strong>SCUOLA A DOMICILIO<\/strong><\/p>\n\n\n\n<p>Tale iniziativa manifesta l\u2019attenzione della Scuola, nei confronti degli alunni impediti, alla frequenza scolastica, per un periodo superiore a 30 giorni, a causa di malattie o perch\u00e9 sottoposti a cicli di cura periodici. \u00c8 finalizzata, pertanto, a garantire il Diritto allo Studio ed alla Formazione a quegli alunni, temporaneamente, ammalati.<\/p>\n\n\n\n<p>I percorsi scolastici di istruzione domiciliare mirano a realizzare piani didattici personalizzati secondo le specifiche esigenze e sono riconosciuti, purch\u00e9 documentati e certificati, ai fini della validit\u00e0 dell\u2019anno scolastico, rientrando a pieno titolo nel \u201ctempo scuola\u201d, come specificato nelle Linee di Indirizzo Nazionale ( D.M. 461\/2019) e ribadito nella C.M. n. 14072 del 24\/10\/2019.<br><strong>INIZIATIVE DI INTEGRAZIONE SCUOLA-TERRITORIO<\/strong><\/p>\n\n\n\n<p>Poich\u00e9 la&nbsp;&nbsp;valorizzazione della scuola come comunit\u00e0 attiva e aperta al territorio&nbsp;&nbsp;costituisce uno degli suoi obiettivi&nbsp;prioritari,&nbsp;la Scuola intende garantire&nbsp; il suo ruolo di soggetto attivo sul territorio&nbsp;intensificando&nbsp; i rapporti con la Comunit\u00e0 locale, gli Enti Locali, le Famiglie, le Scuole, le Associazioni, le Forze dell&#8217; ordine e&nbsp; cogliendo tutte le occasioni di crescita offerte&nbsp;con iniziative e proposte che andranno ad incidere sul miglioramento dell\u2019offerta formativa<br><strong>USCITE DIDATTICHE, VISITE GUIDATE E VIAGGIO DI ISTRUZIONE<\/strong><\/p>\n\n\n\n<p>Le uscite didattiche, le visite guidate e i viaggi d\u2019istruzione sono attivit\u00e0 integrative e formative nell\u2019 ambito dell\u2019organizzazione scolastica che permettono agli alunni divenire in contatto con realt\u00e0 presentate a livello teorico, durante le lezioni, consentendo loro di approfondire le tematiche studiate, conoscere ambienti diversi dal proprio contesto socio-culturale e ampliare la conoscenza del proprio ambiente.<\/p>\n\n\n\n<p>Il Piano delle uscite didattiche, visite guidate e viaggi d\u2019istruzione&nbsp;viene progettato in relazione a quanto stabilito nelle riunioni per classi parallele e nei&nbsp;consigli di classe e interclasse.&nbsp;<strong>PROFETTAZIONE PON FSE-FESR- POR<\/strong><\/p>\n\n\n\n<p>L\u2019 Istituto,&nbsp; nell\u2019 ambito degli interventi dei&nbsp;Fondi Strutturali Europei&nbsp; del FESR&nbsp; e del&nbsp;Piano Nazionale per la Scuola Digitale (PNSD) e&nbsp; del POR Campania&nbsp; \u00e8 stato autorizzato a realizzare i progetti formativi relativi agli avvisi pubblici sotto riportati, di prossima realizzazione:&nbsp;<\/p>\n\n\n\n<ul class=\"wp-block-list\">\n<li>Progetto FESR \u2013 \u201crealizzazione di reti locali, cablate e wireless, nelle scuole\u201d di cui all\u2019avviso pubblico n\u00b0 la nota Prot.n. AOODGEFID\/20480 del 20\/07\/2021 per la realizzazione di reti locali, cablate e wireless, nelle scuole &#8211; Asse V \u2013 Priorit\u00e0 d\u2019investimento: 13.1 \u2013 (FESR) \u201cPromuovere il superamento degli effetti della crisi nel contesto della pandemia di COVID-19 e delle sue conseguenze sociali e preparare una ripresa verde, digitale e resiliente dell\u2019economia\u201d \u2013 Obiettivo specifico 13.1: Facilitare una ripresa verde, digitale e resiliente dell&#8217;economia &#8211; Azione 13.1.1 \u201cCablaggio strutturato e sicuro all\u2019interno degli edifici scolastici.<\/li>\n\n\n\n<li>Fondi Strutturali Europei \u2013 Programma Operativo Nazionale \u201cPer la scuola, competenze e ambienti per l\u2019apprendimento\u201d 2014-2020. Asse II &#8211; Infrastrutture per l\u2019istruzione \u2013 Fondo Europeo di Sviluppo Regionale (FESR) \u2013 REACT EU.Asse V \u2013 Priorit\u00e0 d\u2019investimento: 13.1 \u2013 (FESR) \u201cPromuovere il superamento degli effetti della crisi nel contesto della pandemia di COVID-19 e delle sue conseguenze sociali e preparare una&nbsp; ripresa verde, digitale e resiliente dell\u2019economia\u201d \u2013 Obiettivo specifico 13.1: Facilitare una ripresa verde, digitale e resiliente dell&#8217;economia &#8211; Azione 13.1.2 \u201cDigital Board: trasformazione digitale nella didattica e nell&#8217;organizzazione\u201d\u2013 Avviso pubblico prot.n. 28966 del 6 settembre 2021 per la trasformazione digitale nella didattica e nell&#8217;organizzazione13.1.2A-FESRPON-CA-&nbsp; 2021-648<\/li>\n\n\n\n<li>Progetto FESR \u2013 Fondi Strutturali Europei \u2013 Programma Operativo Nazionale \u201cPer la scuola, competenze e ambienti per l\u2019apprendimento\u201d 2014-2020. Autorizzazione Progetto e impegno di spesa a valere sull\u2019 Avviso pubblico prot. n. AOODGEFID\/38007 del 27 maggio 2022 \u201cAmbienti didattici innovativi per la scuola dell\u2019infanzia\u201d Fondi Strutturali Europei \u2013 Programma Operativo Nazionale \u201cPer la scuola, competenze e ambienti per l\u2019apprendimento\u201d 2014-2020 &#8211; Asse II &#8211; Infrastrutture per l\u2019istruzione \u2013 Fondo Europeo di Sviluppo Regionale (FESR) \u2013 REACT EU. Asse V \u2013 Priorit\u00e0 d\u2019investimento: 13.1 \u2013 (FESR) \u201cPromuovere il superamento degli effetti della crisi nel contesto della pandemia di COVID-19 e delle sue conseguenze sociali e preparare una ripresa verde, digitale e resiliente dell\u2019economia\u201d \u2013 Obiettivo specifico 13.1: Facilitare una ripresa verde, digitale e resiliente dell\u2019economia progetto: 13.1.5A-FESRPON-CA-2022-225 \u2013 Titolo progetto: \u201cAmbienti didattici innovativi per le scuole dell&#8217;infanzia\u201d&nbsp;<\/li>\n\n\n\n<li>Progetto 13.1.3A-FESRPON-CA-2022-419 \u201cAmbienti e laboratori per l\u2019educazione e la formazione alla transizione ecologica\u201d. Azione 13.1.3 \u2013 \u201cEdugreen: laboratori di sostenibilit\u00e0 per il primo ciclo\u201d. &#8211; Titolo \u201c Edugreen: laboratori di sostenibilit\u00e0 per il primo ciclo\u201d. Autorizzato con nota del Ministero dell\u2019Istruzione AOOGABMI &#8211; \/ 0035942 del 24\/05\/2022&nbsp;<\/li>\n<\/ul>\n\n\n\n<ul class=\"wp-block-list\">\n<li>Piano Nazionale per la Scuola Digitale (PNSD). Avviso pubblico prot. n. 10812 del 13 maggio 2021 \u201cSpazi e strumenti digitali per le STEM\u201d. Decreti del direttore della Direzione Generale per i fondi strutturali per l\u2019istruzione, l\u2019edilizia scolastica e la scuola digitale 20 luglio 2021, n. 201 e 6 ottobre 2021, n. 321. Missione 4, Componente 1, Investimento 3.2., del Piano Nazionale di Ripresa e Resilienza, relativa a \u201cScuola 4.0: scuole innovative, cablaggio, nuovi ambienti di apprendimento e laboratori\u201d.<\/li>\n\n\n\n<li>FSE POR Campania -SCUOLA VIVA- V annualit\u00e0<\/li>\n<\/ul>\n","protected":false},"excerpt":{"rendered":"<p>PROGETTAZIONE CURRICULARE La progettualit\u00e0 dell\u2019istituto comprende quattro&nbsp; aree essenziali, che raccolgono la maggior parte&nbsp;delle proposte di arricchimento che rappresentano la tradizione consolidata dell\u2019istituto:&nbsp; Progetti orientati al benessere: il principale \u00e8 lo&nbsp;SPORTELLO PSICOLOGICO&nbsp; che, tramite&nbsp;un professionista specializzato, [&hellip;]<\/p>\n","protected":false},"author":1,"featured_media":0,"parent":8,"menu_order":0,"comment_status":"closed","ping_status":"closed","template":"page-templates\/cicli-scolastici.php","meta":{"footnotes":""},"tags":[510],"class_list":["post-14","page","type-page","status-publish","hentry","tag-istituto"],"_links":{"self":[{"href":"https:\/\/icaltocasertano.edu.it\/scuola\/wp-json\/wp\/v2\/pages\/14","targetHints":{"allow":["GET"]}}],"collection":[{"href":"https:\/\/icaltocasertano.edu.it\/scuola\/wp-json\/wp\/v2\/pages"}],"about":[{"href":"https:\/\/icaltocasertano.edu.it\/scuola\/wp-json\/wp\/v2\/types\/page"}],"author":[{"embeddable":true,"href":"https:\/\/icaltocasertano.edu.it\/scuola\/wp-json\/wp\/v2\/users\/1"}],"replies":[{"embeddable":true,"href":"https:\/\/icaltocasertano.edu.it\/scuola\/wp-json\/wp\/v2\/comments?post=14"}],"version-history":[{"count":2,"href":"https:\/\/icaltocasertano.edu.it\/scuola\/wp-json\/wp\/v2\/pages\/14\/revisions"}],"predecessor-version":[{"id":1132,"href":"https:\/\/icaltocasertano.edu.it\/scuola\/wp-json\/wp\/v2\/pages\/14\/revisions\/1132"}],"up":[{"embeddable":true,"href":"https:\/\/icaltocasertano.edu.it\/scuola\/wp-json\/wp\/v2\/pages\/8"}],"wp:attachment":[{"href":"https:\/\/icaltocasertano.edu.it\/scuola\/wp-json\/wp\/v2\/media?parent=14"}],"wp:term":[{"taxonomy":"post_tag","embeddable":true,"href":"https:\/\/icaltocasertano.edu.it\/scuola\/wp-json\/wp\/v2\/tags?post=14"}],"curies":[{"name":"wp","href":"https:\/\/api.w.org\/{rel}","templated":true}]}}